-2)?
3
Let j(f) = f**3 + 704*f**2 - 2651*f + 128150. What is j(-708)?
2
Let s(a) = a**3 - 19*a**2 - 5102*a + 115243. Give s(23).
13
Let o(u) = -7*u**3 - 3*u**2 + 53*u + 260. Calculate o(-7).
2143
Let f(y) = -163*y - 16899. What is f(-103)?
-110
Let z(h) = -h**2 - 13006*h - 117050. What is z(-9)?
-77
Let q(j) = -4849*j - 101823. What is q(-21)?
6
Let w(q) = -6517*q - 64971. Give w(-10).
199
Let j(a) = -14*a**3 + 275*a**2 + 72*a + 531. Determine j(20).
-29
Let i(d) = -32*d**2 + 87*d - 360. Determine i(4).
-524
Let t(k) = -665*k + 73155. Give t(110).
5
Let m(g) = -g**3 - 12*g**2 - 173*g + 3891. What is m(10)?
-39
Let m(p) = -13*p**3 + 15*p**2 + 391*p - 38. Determine m(-5).
7
Let x(b) = -3*b**3 - 40*b**2 - 28*b - 37. Give x(-13).
158
Let h(n) = -2*n**3 - 71*n**2 - 55*n - 801. Calculate h(-35).
-101
Let c(o) = 1335*o - 92070. Give c(69).
45
Let a(u) = 1108451*u - 4433797. What is a(4)?
7
Let f(a) = 2*a**3 - 7*a**2 + 10*a - 43. Give f(4).
13
Let n(m) = -m**3 + 248*m**2 - 2845*m - 1858. What is n(236)?
-4926
Let u(y) = y**3 - 336*y**2 + 1331*y - 14. Calculate u(4).
-2
Let w(s) = -s**3 - 184*s**2 + 349*s - 39612. Calculate w(-187).
32
Let m(k) = -k**2 + 165*k + 64300. Determine m(-184).
84
Let m(f) = -5*f**3 + 27*f**2 + 152*f + 128. Calculate m(-1).
8
Let z(d) = 423*d + 55301. What is z(-142)?
-4765
Let p(z) = 100806*z - 604839. Determine p(6).
-3
Let m(t) = -t**2 - 2853*t - 106972. Give m(-38).
-2
Let h(z) = -z**3 - 61*z**2 + 72*z + 511. Give h(-62).
-109
Let x(p) = -10*p**3 + 95*p**2 + 36*p + 204. Give x(10).
64
Let j(h) = 19065*h + 362256. Calculate j(-19).
21
Let t(r) = 45*r**2 + 27*r - 97. Give t(3).
389
Let u(r) = -4719*r - 67434. Calculate u(-15).
3351
Let u(k) = -80*k**2 - 17682*k - 443. Give u(-221).
-1
Let p(o) = 10*o**2 - 250*o + 419. What is p(26)?
679
Let x(n) = -18*n - 759. Give x(-46).
69
Let r(g) = 2636*g - 70669. Calculate r(29).
5775
Let u(a) = 93177*a + 838592. Determine u(-9).
-1
Let m(w) = 10630*w + 106293. Calculate m(-10).
-7
Let j(m) = 2*m**3 + 118*m**2 + 779*m - 1728. Determine j(-51).
159
Let m(c) = -16*c**2 - 15188*c + 15202. What is m(1)?
-2
Let i(u) = 13*u**2 - 964*u + 8333. Give i(10).
-7
Let z(k) = -k**3 - 178*k**2 - 8160*k - 21313. What is z(-86)?
15
Let p(h) = 28775*h - 9495759. Give p(330).
-9
Let r(n) = -209*n - 28417. Calculate r(-136).
7
Let q(y) = -175111*y - 1051218. Determine q(-6).
-552
Let u(m) = -m**3 + 480*m**2 + 1582*m - 64307. Give u(483).
-68
Let z(u) = 65*u**2 - 258*u + 1526. What is z(6)?
2318
Let a(j) = 23189*j - 46236. Calculate a(2).
142
Let n(d) = -6*d**3 + 5174*d**2 + 8655*d - 12906. Determine n(864).
54
Let b(r) = -163*r + 103. Give b(6).
-875
Let p(w) = -29*w**2 + 1845*w - 7370. Calculate p(4).
-454
Let u(w) = w**3 - 177*w**2 + 1182*w + 1510. Calculate u(170).
150
Let d(p) = 5*p**2 + 30*p - 25882. Calculate d(-75).
-7
Let m(w) = 692*w + 15317. Determine m(-22).
93
Let p(z) = 2*z**3 - 411*z**2 + 211*z - 1251. What is p(205)?
-21
Let j(u) = u**3 + 48*u**2 + 457*u + 139. Determine j(-31).
2309
Let c(z) = -11*z**3 - 1419*z**2 + 2880*z - 267. Give c(-131).
-5
Let o(g) = -2*g**3 - 41*g**2 - 257*g - 420. What is o(-8)?
36
Let g(u) = -4*u**2 + 1017*u - 2038. Give g(2).
-20
Let m(r) = -8*r**3 + 54*r**2 + 372*r - 2496. Give m(7).
10
Let n(x) = 273*x**2 - 1424*x + 298. Determine n(5).
3
Let r(y) = 8*y**3 - 3309*y**2 + 2064*y + 422. Calculate r(413).
9
Let c(a) = 29906*a + 1016798. Give c(-34).
-6
Let n(y) = -y**2 - 33*y + 811. Calculate n(17).
-39
Let o(d) = 4*d**3 + d**2 + 49*d + 312. Calculate o(-5).
-408
Let c(k) = -19*k**2 - 115*k + 13. What is c(-9)?
-491
Let b(y) = -16315*y + 358903. Calculate b(22).
-27
Let l(i) = i**3 + 77*i**2 + 27*i + 746. What is l(-77)?
-1333
Let a(k) = 75219*k + 4061770. Determine a(-54).
-56
Let c(w) = -14*w**2 + 2649*w - 547. Determine c(189).
20
Let g(m) = 244*m - 46591. Determine g(191).
13
Let o(f) = -4*f**2 + 139*f + 3145. Calculate o(-16).
-103
Let f(t) = -4*t**2 - 1710*t + 6911. Determine f(4).
7
Let s(p) = 2*p**2 - 7230*p - 6691097. Calculate s(-764).
15
Let w(z) = 92660*z - 185323. What is w(2)?
-3
Let x(p) = -33*p**2 + 38711*p + 665217. Give x(1190).
7
Let m(w) = 2483*w - 869016. Give m(350).
34
Let h(p) = -p**3 - 61*p**2 - 420*p + 2607. Determine h(-52).
111
Let m(h) = 46*h**2 + 404*h - 10317. Calculate m(-20).
3
Let p(u) = -17*u**3 + 71*u**2 + 67*u + 20. Determine p(5).
5
Let o(u) = -8004*u - 215098. Determine o(-27).
1010
Let x(y) = -14083*y + 84176. Give x(6).
-322
Let g(a) = 296975*a - 1484796. Give g(5).
79
Let c(p) = -2*p**3 + 127*p**2 + 409*p - 36892. What is c(62)?
-2
Let a(t) = -264*t - 11548. Calculate a(-43).
-196
Let m(o) = -o**2 - 182*o - 5268. Give m(-147).
-123
Let h(n) = -7*n**2 - 506*n - 3283. Give h(-65).
32
Let n(o) = 2*o**3 - 97*o**2 + 35*o + 43. Give n(48).
-581
Let l(z) = -z**3 + 41*z**2 + 103*z - 2559. Give l(42).
3
Let d(k) = 22*k**2 + 58*k + 8. What is d(-10)?
1628
Let n(q) = 2*q**2 - 1356*q + 4098. What is n(3)?
48
Let v(l) = -l**3 - l**2 - 61*l - 515. Determine v(0).
-515
Let q(m) = 2*m**3 - 154*m**2 - 828*m - 36. Give q(-5).
4
Let z(x) = 4*x**3 - 12*x**2 - 487*x + 179. What is z(-10)?
-151
Let p(d) = 56*d**2 - 524*d + 871. What is p(2)?
47
Let l(w) = -13*w**2 - 1165*w - 18830. What is l(-22)?
508
Let b(l) = -6*l**2 + 1430*l - 11511. Determine b(8).
-455
Let u(v) = 2303*v - 25344. Calculate u(11).
-11
Let c(z) = -10*z**2 + 2517*z + 70092. Give c(277).
11
Let o(m) = -11073*m - 76916. Calculate o(-7).
595
Let h(d) = -434*d - 23222. Calculate h(-53).
-220
Let g(b) = 41*b + 489. Calculate g(-27).
-618
Let u(g) = -3*g**2 - 28*g + 15071. What is u(76)?
-4385
Let s(p) = -268*p - 3890. Give s(-13).
-406
Let k(w) = -2*w**2 - 654*w - 35200. Determine k(-259).
24
Let o(d) = -8356*d + 175467. Determine o(21).
-9
Let b(r) = r**2 + 171*r + 3001. Calculate b(-115).
-3439
Let p(l) = -358673*l - 19009666. What is p(-53)?
3
Let p(d) = d**2 + 11514*d - 300012. What is p(26)?
28
Let x(c) = 983*c + 78721. Give x(-80).
81
Let d(w) = -w**3 - 33*w**2 + 98*w - 369. Determine d(-36).
-9
Let j(s) = 596*s + 48919. Calculate j(-82).
47
Let r(a) = 7*a**2 - 1298*a + 37139. Calculate r(150).
-61
Let a(i) = -2*i**3 - 185*i**2 - 97*i - 17664. Determine a(-93).
6
Let f(o) = -152*o**2 + 5771*o - 5487. What is f(37)?
-48
Let z(b) = -479*b**2 - 26363*b - 994. Give z(-55).
-4
Let c(w) = 80365*w + 401819. Determine c(-5).
-6
Let t(x) = 3*x**3 - 641*x**2 + 340*x + 18324. What is t(213)?
6
Let b(k) = 4*k**2 + 465*k + 5115. What is b(-104)?
19
Let y(b) = 2313*b - 11909. Determine y(6).
1969
Let w(r) = -38*r**3 + 1274*r - 1274. Give w(1).
-38
Let m(k) = -3843*k - 61436. What is m(-16)?
52
Let r(j) = -2*j**3 + 393*j**2 - 594*j + 1866. Determine r(195).
111
Let u(o) = 2*o**2 + 1186*o + 118365. Give u(-466).
1
Let n(m) = -7*m**2 + 216*m + 36. Determine n(31).
5
Let r(s) = -s**3 + 177*s**2 - 5873*s + 157. Give r(44).
-767
Let y(r) = 5*r**3 + 27*r**2 + 22*r + 100. Give y(-6).
-140
Let b(o) = -8*o**2 - 232*o + 571. Give b(-9).
2011
Let j(h) = 63187*h - 13522034. Calculate j(214).
-16
Let d(b) = -b**3 + 75*b**2 + 2683*b - 1873. Calculate d(-27).
44
Let x(j) = 14*j**3 - 56*j**2 + 47*j - 134. Give x(4).
54
Let l(g) = -g**3 + 52*g**2 + 4661*g - 223932. Calculate l(45).
-12
Let p(n) = 2*n**3 + 176*n**2 + 320*n - 65923. Calculate p(-81).
11
Let r(g) = -2*g**2 + 4675*g + 28134. Determine r(-6).
12
Let l(b) = -478812*b - 13406747. Calculate l(-28).
-11
Let a(d) = -15*d**3 + 15*d**2 + 12*d - 271. Determine a(-4).
881
Let a(x) = 10275464*x - 8. Determine a(0).
-8
Let v(w) = -365*w + 49116. What is v(134)?
206
Let d(n) = 10*n**2 - 74*n - 3226. Give d(25).
1174
Let k(y) = 102444*y + 204927. What is k(-2)?
39
Let k(b) = -138*b**2 - 2785*b - 494. Determine k(-20).
6
Let s(y) = 6711*y - 40849. What is s(6)?
-583
Let v(w) = 49*w - 1224. Calculate v(29).
197
Let c(g) = 1616*g + 135743. Determine c(-84).
-1
Let y(z) = 82777*z - 3393848. Determine y(41).
9
Let p(b) = -149331*b + 1343989. Give p(9).
10
Let q(n) = -17*n**2 - 160*n + 375. Determine q(-11).
78
Let k(p) = -16058*p + 48164. Calculate k(3).
-10
Let h(g) = g**3 - 219*g**2 - 285*g + 109658. Determine h(218).
4
Let n(z) = -1090*z**2 + 4418*z + 5. What is n(4)?
237
Let x(a) = -650*a + 3616. What is x(5)?
366
Let l(f) = -817*f + 23164. Calculate l